 the highest common divisor of 43824 and 19294?
22
What is the greatest common divisor of 3390 and 14326710?
30
What is the highest common factor of 1426727 and 11212?
2803
What is the highest common divisor of 901241 and 341?
11
What is the highest common factor of 5151 and 6978483?
51
Calculate the highest common factor of 13400742 and 806.
62
Calculate the greatest common factor of 12820 and 157160.
20
What is the greatest common divisor of 1364 and 150337?
11
Calculate the greatest common factor of 35268597 and 168.
21
What is the highest common factor of 195751260 and 3763?
3763
What is the greatest common divisor of 369 and 3094147?
41
What is the highest common factor of 7393 and 1215039550?
7393
What is the greatest common divisor of 330302057 and 23?
23
Calculate the greatest common factor of 1570 and 218967900.
1570
What is the greatest common divisor of 111583787 and 31?
31
Calculate the greatest common factor of 405403774 and 1754.
1754
What is the greatest common divisor of 21 and 7178328?
3
What is the greatest common divisor of 639690 and 990?
30
Calculate the highest common factor of 5992 and 2485931.
749
What is the greatest common divisor of 691403 and 9149?
1307
Calculate the greatest common divisor of 27846 and 43596.
126
What is the highest common divisor of 176320521 and 21288?
2661
What is the greatest common divisor of 1667121 and 45?
3
Calculate the greatest common divisor of 1488 and 3960064.
496
What is the greatest common divisor of 4398408 and 6048?
1512
Calculate the highest common factor of 5740 and 2976554.
14
Calculate the highest common divisor of 156801293 and 671.
671
What is the highest common factor of 348 and 19855372?
116
What is the highest common factor of 155669928 and 8?
8
What is the greatest common factor of 569221554 and 22?
22
What is the highest common factor of 2704876 and 32?
4
Calculate the highest common factor of 7471926 and 32956.
154
What is the highest common factor of 261 and 1104743574?
261
What is the highest common factor of 41330545 and 5?
5
Calculate the highest common factor of 11 and 271513.
11
What is the greatest common factor of 1008 and 21551922?
126
What is the highest common factor of 1505519480 and 2680?
2680
Calculate the greatest common divisor of 21705 and 10000217.
1447
Calculate the greatest common divisor of 79569 and 524987.
421
Calculate the highest common factor of 37225155 and 34.
17
What is the highest common factor of 532 and 1165948?
28
Calculate the greatest common divisor of 222992 and 224.
112
Calculate the greatest common divisor of 2824 and 12456.
8
Calculate the greatest common divisor of 57920499 and 147.
147
Calculate the greatest common factor of 8 and 71007316.
4
Calculate the highest common factor of 65430 and 30614697.
6543
Calculate the highest common factor of 170885 and 21351.
11
Calculate the greatest common factor of 177926 and 10153.
71
Calculate the greatest common divisor of 1108 and 1192.
4
What is the highest common divisor of 1436568 and 852?
12
What is the greatest common divisor of 183 and 205036250?
61
What is the greatest common divisor of 11457569 and 92628?
2573
What is the greatest common factor of 236250 and 1837080?
1890
Calculate the highest common factor of 212672 and 3008.
64
What is the highest common factor of 3581571050 and 12470?
12470
What is the greatest common divisor of 613816 and 9675512?
6328
Calculate the greatest common factor of 45776419 and 749.
107
What is the greatest common factor of 175638 and 17082?
438
Calculate the highest common factor of 551 and 115687409.
551
What is the greatest common divisor of 3648260 and 878416?
7084
What is the greatest common divisor of 1488835606 and 1046?
1046
Calculate the greatest common divisor of 14195 and 64805853.
2839
Calculate the greatest common divisor of 60064 and 5856.
32
Calculate the highest common factor of 224428 and 1007.
19
Calculate the greatest common divisor of 5552 and 1545776.
16
Calculate the highest common factor of 18990864 and 1075.
43
Calculate the greatest common divisor of 3414390 and 28770.
210
Calculate the greatest common divisor of 58323662 and 202.
202
What is the greatest common divisor of 2392 and 2005094?
598
What is the highest common factor of 121931238 and 858?
858
Calculate the highest common divisor of 63 and 478874067.
21
What is the highest common divisor of 68630 and 5520?
10
What is the greatest common divisor of 31209493 and 7?
7
What is the highest common divisor of 7512 and 57032043?
939
What is the highest common divisor of 1977 and 121449087?
1977
What is the greatest common divisor of 68 and 40805423?
17
What is the greatest common factor of 84 and 47654355?
21
Calculate the highest common divisor of 264 and 61056468.
132
Calculate the highest common divisor of 878865 and 87555.
195
Calculate the greatest common factor of 101918986 and 364.
26
Calculate the highest common divisor of 28472780 and 280.
140
Calculate the greatest common factor of 1003353 and 2499477.
5937
Calculate the highest common divisor of 15102 and 1201448.
1678
Calculate the greatest common factor of 184711360 and 2915.
265
What is the greatest common factor of 870 and 223590?
870
What is the greatest common divisor of 16446694 and 5056?
158
What is the highest common factor of 36 and 318634884?
36
What is the highest common divisor of 3027 and 7653265?
1009
Calculate the highest common divisor of 23406984 and 107136.
2232
What is the greatest common divisor of 487858032 and 1256?
1256
What is the greatest common factor of 61820 and 27500?
220
Calculate the greatest common divisor of 6 and 7738818.
6
What is the greatest common factor of 890550 and 365?
5
What is the highest common factor of 968951839 and 1207?
1207
What is the highest common factor of 23821421 and 1729?
247
Calculate the greatest common factor of 413595 and 125.
5
What is the highest common factor of 7751159 and 26?
13
Calculate the greatest common divisor of 839446 and 46762.
454
What is the highest common divisor of 8939890 and 6790?
10
Calculate the greatest common divisor of 225 and 30637377.
9
Calculate the greatest common factor of 51100 and 98404.
292
Calculate the greatest common divisor of 2412 and 781244.
4
Calculate the greatest common divisor of 10984440 and 9575.
1915
Calculate the greatest common divisor of 7535602 and 11.
1
Calculate the highest common divisor of 27 and 114305643.
9
Calculate the greatest common divisor of 19095 and 3362730.
1005
Calculate the greatest common divisor of 1380 and 1107588.
276
Calculate the greatest common factor of 73565085 and 330.
165
What is the greatest common divisor of 1498 and 11326?
14
Calculate the highest common divisor of 23642648 and 2788.
68
Calculate the greatest common factor of 513498116 and 386.
386
What is the highest common divisor of 31265 and 12941175?
845
What is the greatest common divisor of 6014 and 1604622?
62
Calculate the greatest common divisor of 13303 and 6296837.
251
What is the greatest common factor of 44291700 and 39672?
1044
What is the greatest common factor of 4877827 and 119?
17
What is the greatest common divisor of 719 and 2251908?
719
Calculate the greatest common factor of 27 and 368688132.
27
Calculate the greatest common factor of 34 and 1551373709.
17
Calculate the greatest common factor of 226204 and 16835291.
583
What is the highest common factor of 1859 and 3544437?
169
Calculate the greatest common divisor of 109652 and 145676.
316
What is the greatest common factor of 549165 and 18755?
155
Calculate the greatest common factor of 2398640 and 680.
40
Calculate the greatest common divisor of 2585 and 2894260.
235
Calculate the highest common factor of 14825 and 80000.
25
What is the greatest common divisor of 6095326 and 8106?
386
Calculate the highest common factor of 30 and 4791210.
30
Calculate the highest common factor of 5911899 and 186963.
6447
Calculate the highest common factor of 32 and 2773672.
8
Calculate the greatest common divisor of 750438 and 273.
39
What is the greatest common divisor of 1004969888 and 15808?
7904
What is the greatest common divisor of 74997544 and 316?
316
What is the highest common divisor of 427481 and 2171833?
2869
What is the highest common factor of